1101111000101 (base 2) in base 14?
1a0d5b
-591526 (base 12) to base 11
-899916
d112 (base 16) to base 9
81368
-14331341 (base 7) to base 2
-101001010001001011010
Convert -1230413110 (base 5) to base 2.
-1011011000000110001000
-20021222121 (base 3) to base 15
-26ab4
What is 405311 (base 9) in base 2?
111010100111011110
What is -284940 (base 12) in base 14?
-136b84
-647469 (base 12) to base 15
-215ac9
Convert 127750 (base 11) to base 16.
30f68
What is 2534807 (base 9) in base 11?
863941
What is 203124202 (base 5) in base 8?
3133034
Convert -75004 (base 14) to base 9.
-470630
-1e2f9 (base 16) to base 5
-12424031
213643 (base 7) to base 4
21013321
-301433322 (base 5) to base 8
-4454241
Convert -11222002122 (base 3) to base 5.
-11112012
Convert -260f0 (base 16) to base 10.
-155888
What is 201200210212201 (base 3) in base 2?
100111111011100100100110
Convert 14010355 (base 6) to base 13.
13502c
Convert -1030232021201 (base 4) to base 3.
-1101211210102202
Convert 24667850 (base 9) to base 11.
69092a2
2454323 (base 6) to base 2
100000001100101011
What is -199661 (base 10) in base 5?
-22342121
Convert 49b0a (base 12) to base 5.
11200330
What is 1711cbd (base 14) in base 3?
210100000210022
a47 (base 13) to base 8
3325
What is -a71490 (base 11) in base 6?
-100431223
6341691 (base 10) to base 13
14106a5
Convert 100305134 (base 6) to base 11.
a64336
224401412 (base 5) to base 4
3313033330
162b0c1 (base 15) to base 2
111101010111000110110111
Convert 15111210 (base 6) to base 2.
1111111100101010110
643126 (base 7) to base 10
111544
Convert 111c214 (base 15) to base 4.
232230222322
Convert -446234 (base 7) to base 4.
-103102211
13410042 (base 9) to base 6
353520315
116deb5 (base 15) to base 11
7069166
What is 102211121122211 (base 3) in base 4?
113333321032
1163352 (base 7) to base 6
3114443
Convert 32140414 (base 5) to base 13.
9668a
What is -24367300 (base 8) in base 11?
-3038237
Convert 216773 (base 10) to base 8.
647305
-510727 (base 8) to base 13
-5b865
Convert 3465534 (base 7) to base 9.
734763
39973 (base 10) to base 6
505021
120211100102 (base 3) to base 14
81769
173a1 (base 16) to base 8
271641
-100010100000010100 (base 2) to base 9
-234775
5a26c1 (base 14) to base 11
1814153
-10a5023 (base 12) to base 11
-189779a
Convert 403502 (base 8) to base 13.
48675
-3110980 (base 10) to base 13
-84c022
Convert -1107024 (base 10) to base 15.
-16d019
130123000 (base 4) to base 13
40cb1
Convert 10020010000 (base 3) to base 16.
f810
Convert -8d28e (base 15) to base 12.
-19812b
What is -4200401 (base 5) in base 12?
-33a17
What is 234d40 (base 16) in base 7?
25444001
Convert -311256 (base 7) to base 13.
-1b354
Convert -3355613 (base 8) to base 2.
-11011101101110001011
-232131161 (base 7) to base 14
-1c72ad8
What is -11355050 (base 6) in base 15?
-70de0
Convert -6c758 (base 14) to base 13.
-9373c
42524540 (base 6) to base 3
2100210100120
4b433 (base 15) to base 2
111010101110111101
11010110001000101010001 (base 2) to base 5
3244014120
What is -1958321 (base 10) in base 4?
-13132012301
Convert 112366 (base 9) to base 10.
67371
Convert -732840 (base 9) to base 16.
-6a3e0
Convert ca252c (base 13) to base 4.
102012302203
What is 34644607 (base 8) in base 4?
130310212013
What is -207062 (base 8) in base 11?
-47a72
20215323 (base 6) to base 14
110883
88f949 (base 16) to base 3
121220001201212
Convert -142464 (base 8) to base 13.
-19c95
Convert -1047633 (base 11) to base 15.
-2653a4
What is 13587aa (base 12) in base 13?
a4ab92
3023031111 (base 4) to base 5
203113331
Convert 11100000101111101100001 (base 2) to base 3.
111212011010101
-3431400 (base 5) to base 12
-2b6ab
What is -124155155 (base 6) in base 4?
-21110010233
What is -4087181 (base 11) in base 5?
-3321303044
What is -13f8e9 (base 16) in base 11?
-814444
3135250 (base 7) to base 10
378805
What is 2344a (base 11) in base 9?
51340
-106701 (base 14) to base 9
-1036201
-271793 (base 16) to base 5
-1123440224
Convert -a560b (base 13) to base 5.
-34010440
473481 (base 9) to base 15
59557
What is 2024233 (base 5) in base 13?
12089
What is 579513 (base 12) in base 2?
101010111001010011111
What is -111011011000011101 (base 2) in base 12?
-b8911
Convert -2120221022002 (base 3) to base 9.
-2527262
What is -331534 (base 9) in base 15?
-3d9ea
496b3 (base 13) to base 12
66289
Convert 103151 (base 11) to base 16.
28565
-49326c (base 15) to base 8
-15273272
What is 1111110010000010000011 (base 2) in base 6?
224401111
What is -20520233 (base 7) in base 11?
-a86353
12282a (base 13) to base 5
102343242
-421463 (base 10) to base 5
-101441323
What is 112441110 (base 5) in base 9?
864584
Convert -461633 (base 13) to base 14.
-312c47
What is 112001000212122 (base 3) in base 7?
120261500
-4212423414 (base 5) to base 7
-134045020
What is 451023 (base 7) in base 14?
21013
Convert -33013013020 (base 4) to base 5.
-2003230123
Convert -10110110010000110101 (base 2) to base 16.
-b6435
Convert -1a88baa (base 12) to base 10.
-5655730
What is -116062 (base 13) in base 16?
-64dbc
-1772dd (base 15) to base 7
-12446611
-6501e (base 16) to base 12
-17b512
Convert 21004524 (base 6) to base 5.
123420323
What is 1245514 (base 10) in base 6?
42410134
Convert -11110101110100001111001 (base 2) to base 9.
-16136224
What is 1323213 (base 6) in base 10?
73305
-7d2998 (base 14) to base 13
-b67369
372741 (base 8) to base 3
20112020120
What is 120320130012 (base 4) in base 3?
110021101100220
-531729 (base 11) to base 14
-1823b5
111101011101000 (base 2) to base 16
7ae8
What is -aa743 (base 11) in base 10?
-160614
Convert fa30 (base 16) to base 12.
31094
What is -21203213213 (base 4) in base 6?
-125410035
What is -1010010110001100 (base 2) in base 10?
-42380
Convert 10200241340 (base 5) to base 6.
1014125353
Convert 13144214 (base 5) to base 6.
2451200
2521372 (base 8) to base 10
697082
Convert 443623 (base 7) to base 16.
1315c
-210430 (base 7) to base 11
-25249
Convert 11000111010100011001 (base 2) to base 10.
816409
-140501 (base 7) to base 4
-12200201
What is -6553250 (base 8) in base 10?
-1758888
-10101110100011011101 (base 2) to base 12
-2a5911
What is 61506 (base 12) in base 9?
213026
Convert -67411 (base 9) to base 12.
-21b17
210 (base 10) to base 2
11010010
Convert -136440031 (base 7) to base 4.
-202121231002
What is 35114222 (base 7) in base 10?
3079568
What is -5816449 (base 11) in base 2?
-100110110010110000100001
571577 (base 8) to base 14
506ab
What is 1012222000201 (base 3) in base 7?
5341426
Convert -3403200 (base 5) to base 15.
-12aba
Convert 2511521 (base 6) to base 3.
20210200011
What is -1d34 (base 15) in base 9?
-8634
What is -a0b01 (base 12) in base 8?
-630061
386c7c5 (base 13) to base 7
303010163
What is 23131003013 (base 4) in base 6?
144204435
What is 2021103323 (base 5) in base 11?
2338719
What is 5631a29 (base 12) in base 5?
13210111241
Convert 32330122 (base 8) to base 13.
1586895
What is -11122121100 (base 3) in base 2?
-10110010110101110
What is 5330664 (base 7) in base 9?
1184380
-120455022 (base 6) to base 11
-1316690
21000010121 (base 3) to base 11
94654
-179e0 (base 16) to base 7
-552013
Convert -111110101010011010000 (base 2) to base 13.
-56b7b4
Convert -23166010 (base 8) to base 14.
-95322c
-3524311 (base 6) to base 2
-101100100010010011
3729915 (base 10) to base 2
1110001110100111111011
-412b09 (base 14) to base 3
-11010122012220
Convert -660e8 (base 16) to base 10.
-418024
4404014230 (base 5) to base 9
18675403
Convert -1cd600 (base 14) to base 3.
-1221121122221
517208 (base 10) to base 15
a33a8
Convert 100343111 (base 7) to base 14.
ab9208
What is -21102300 (base 4) in base 3?
-1221012210
10113323232 (base 4) to base 5
243142411
What is 41301222 (base 5) in base 16?
52717
What is a9171 (base 12) in base 14?
5b469
-238828 (base 15) to base 2
-110011110111010000111
What is -1643523 (base 7) in base 15?
-47e76
3d28 (base 15) to base 14
4aac
Convert 192dc6 (base 16) to base 7.
20011561
-1100010101111001000111 (base 2) to base 11
-190a892
25454 (base 13) to base 15
15602
Convert -34233404 (base 5) to base 8.
-1124507
Convert -14302221 (base 6) to base 15.
-9a48a
What is 206719 (base 10) in base 9?
344507
-33045013 (base 6) to base 14
-1b94c1
Convert 23031021 (base 4) to base 8.
131511
What is 93017c (base 15) in base 13?
15a80a2